{"id":2,"date":"2014-01-29T21:36:39","date_gmt":"2014-01-29T21:36:39","guid":{"rendered":"http:\/\/nas.novotnasci.cz\/wordpress\/?page_id=2"},"modified":"2020-10-26T14:32:03","modified_gmt":"2020-10-26T13:32:03","slug":"sample-page","status":"publish","type":"page","link":"https:\/\/nas.novotnasci.cz\/wordpress\/?page_id=2","title":{"rendered":"Nab\u00eddka slu\u017eeb"},"content":{"rendered":"<p><strong>Konzultace, instalace, nastaven\u00ed &#8230;<\/strong><\/p>\n<p>Pot\u0159ebujete poradit s instalac\u00ed, konfigurac\u00ed routeru, xDSL p\u0159\u00edpojky, WiFi za\u0159\u00edzen\u00ed, nebo se za\u010dlen\u011bn\u00edm nov\u00e9 SmartTV do Va\u0161\u00ed dom\u00e1c\u00ed multimedi\u00e1ln\u00ed s\u00edt\u011b ??<br \/>\nNev\u00edte si rady s kamerov\u00fdm syst\u00e9mem ??<br \/>\nPot\u0159ebujete vy\u0159e\u0161it dom\u00e1c\u00ed telefonii ??<br \/>\nChcete vzd\u00e1len\u011b ovl\u00e1dat vyt\u00e1p\u011bn\u00ed domu ??<br \/>\nNebo m\u00e1te prost\u011b &#8220;krabi\u010dku&#8221;, s kterou si nev\u00edte rady ??<\/p>\n<p><em>V tom p\u0159\u00edpad\u011b jste pr\u00e1v\u011b nalezli co pot\u0159ebujete \ud83d\ude42<\/em><br \/>\n<em> Netvrd\u00edme, \u017ee dok\u00e1\u017eeme v\u0161e, ale minim\u00e1ln\u011b se o to pokus\u00edme.<\/em><\/p>\n<p>Zab\u00fdv\u00e1me se n\u00e1vrhy, konfigurac\u00ed, instalac\u00ed, udr\u017ebou &#8230;<br \/>\n&#8211; po\u010d\u00edta\u010dov\u00fdch s\u00edt\u00ed<br \/>\n&#8211; internetov\u00fdch p\u0159\u00edpojek (WiFi, xDSL, 3G, LTE)<br \/>\n&#8211; WiFi propoj\u016f<br \/>\n&#8211; kamerov\u00fdch syst\u00e9m\u016f<br \/>\n&#8211; telefoni\u00ed VoIP<br \/>\n&#8211; reinstalace PC<br \/>\n&#8211; propojen\u00ed dom\u00e1cnost\u00ed v jeden multimedi\u00e1ln\u00ed celek<br \/>\n&#8211; dom\u00e1c\u00ed datov\u00e1 \u00falo\u017ei\u0161t\u011b (automatizovan\u00e9 bezpe\u010dn\u00e9 z\u00e1lohy Va\u0161ich fotografi\u00ed, video z\u00e1znam\u016f &#8230;)<br \/>\n<b>&#8211; ovl\u00e1d\u00e1n\u00ed, regulace, monitorov\u00e1n\u00ed pomoc\u00ed syst\u00e9m\u016f&#8230;<\/b> <a href=\"http:\/\/www.jablotron.com\/cz\/\" target=\"_blank\" rel=\"noopener noreferrer\">Jablotron<\/a>,\u00a0<a title=\"DomatControl\" href=\"http:\/\/domat-int.com\/\" target=\"_blank\" rel=\"noopener noreferrer\">DomatControl<\/a>, <a title=\"Rapid SCADA\" href=\"https:\/\/rapidscada.org\/\" target=\"_blank\" rel=\"noopener noreferrer\">Rapid SCADA<\/a>, <a title=\"Home Assistant\" href=\"https:\/\/www.home-assistant.io\/\" target=\"_blank\" rel=\"noopener noreferrer\">Home Assistant<\/a> a co by n\u00e1hodou neum\u011bl n\u011bkter\u00fd z d\u0159\u00edve uveden\u00fdch, tak s t\u00edm pom\u016f\u017ee <a title=\"Arduino\" href=\"https:\/\/www.arduino.cc\/\" target=\"_blank\" rel=\"noopener noreferrer\">Arduio<\/a>, nebo <a title=\"Raspberry Pi\" href=\"https:\/\/www.raspberrypi.org\/\" target=\"_blank\" rel=\"noopener noreferrer\">Raspberry Pi<\/a><\/p>\n<p style=\"text-align: right;\"><small>Ceny smluvn\u00ed &#8220;BastaFidla&#8221; \ud83d\ude09<\/small><\/p>\n","protected":false},"excerpt":{"rendered":"<p>Konzultace, instalace, nastaven\u00ed &#8230; Pot\u0159ebujete poradit s instalac\u00ed, konfigurac\u00ed routeru, xDSL p\u0159\u00edpojky, WiFi za\u0159\u00edzen\u00ed, nebo se za\u010dlen\u011bn\u00edm nov\u00e9 SmartTV do Va\u0161\u00ed dom\u00e1c\u00ed multimedi\u00e1ln\u00ed s\u00edt\u011b ?? Nev\u00edte si rady s kamerov\u00fdm syst\u00e9mem ?? Pot\u0159ebujete vy\u0159e\u0161it dom\u00e1c\u00ed telefonii ?? Chcete vzd\u00e1len\u011b ovl\u00e1dat <a class=\"more-link\" href=\"https:\/\/nas.novotnasci.cz\/wordpress\/?page_id=2\">Cel\u00fd \u010dl\u00e1nek  <span class=\"screen-reader-text\">  Nab\u00eddka slu\u017eeb<\/span><span class=\"meta-nav\">&rarr;<\/span><\/a><\/p>\n","protected":false},"author":1,"featured_media":0,"parent":0,"menu_order":0,"comment_status":"open","ping_status":"open","template":"","meta":{"footnotes":""},"class_list":["post-2","page","type-page","status-publish","hentry"],"_links":{"self":[{"href":"https:\/\/nas.novotnasci.cz\/wordpress\/index.php?rest_route=\/wp\/v2\/pages\/2","targetHints":{"allow":["GET"]}}],"collection":[{"href":"https:\/\/nas.novotnasci.cz\/wordpress\/index.php?rest_route=\/wp\/v2\/pages"}],"about":[{"href":"https:\/\/nas.novotnasci.cz\/wordpress\/index.php?rest_route=\/wp\/v2\/types\/page"}],"author":[{"embeddable":true,"href":"https:\/\/nas.novotnasci.cz\/wordpress\/index.php?rest_route=\/wp\/v2\/users\/1"}],"replies":[{"embeddable":true,"href":"https:\/\/nas.novotnasci.cz\/wordpress\/index.php?rest_route=%2Fwp%2Fv2%2Fcomments&post=2"}],"version-history":[{"count":15,"href":"https:\/\/nas.novotnasci.cz\/wordpress\/index.php?rest_route=\/wp\/v2\/pages\/2\/revisions"}],"predecessor-version":[{"id":80,"href":"https:\/\/nas.novotnasci.cz\/wordpress\/index.php?rest_route=\/wp\/v2\/pages\/2\/revisions\/80"}],"wp:attachment":[{"href":"https:\/\/nas.novotnasci.cz\/wordpress\/index.php?rest_route=%2Fwp%2Fv2%2Fmedia&parent=2"}],"curies":[{"name":"wp","href":"https:\/\/api.w.org\/{rel}","templated":true}]}}